s of 509587?
13, 39199
What are the prime factors of 278578?
2, 19, 7331
What are the prime factors of 8970281?
8970281
List the prime factors of 1359710.
2, 5, 11, 47, 263
List the prime factors of 923233.
923233
List the prime factors of 467360.
2, 5, 23, 127
What are the prime factors of 276098?
2, 127, 1087
What are the prime factors of 7463795?
5, 59, 25301
What are the prime factors of 7462835?
5, 1492567
What are the prime factors of 563704?
2, 31, 2273
What are the prime factors of 44532?
2, 3, 1237
List the prime factors of 7232937.
3, 167, 14437
List the prime factors of 13647712.
2, 13, 53, 619
What are the prime factors of 57906?
2, 3, 3217
List the prime factors of 9329305.
5, 163, 11447
What are the prime factors of 26195793?
3, 13, 17, 39511
What are the prime factors of 6952113?
3, 7, 163, 677
List the prime factors of 110518.
2, 55259
What are the prime factors of 263567?
263567
List the prime factors of 1968246.
2, 3, 7, 41, 127
List the prime factors of 269044.
2, 67261
What are the prime factors of 195430?
2, 5, 19543
What are the prime factors of 206611?
307, 673
What are the prime factors of 112569?
3, 157, 239
What are the prime factors of 5491036?
2, 1372759
What are the prime factors of 61719?
3, 7, 2939
What are the prime factors of 1815461?
1815461
What are the prime factors of 200286?
2, 3, 3709
List the prime factors of 364499.
364499
What are the prime factors of 792193?
29, 59, 463
List the prime factors of 304431.
3, 101477
List the prime factors of 579145.
5, 7, 16547
What are the prime factors of 210505?
5, 42101
What are the prime factors of 6092267?
457, 13331
List the prime factors of 1062373.
13, 71, 1151
What are the prime factors of 1965598?
2, 73, 13463
List the prime factors of 997933.
997933
What are the prime factors of 16382049?
3, 23, 137, 1733
What are the prime factors of 932043?
3, 7, 44383
What are the prime factors of 1839093?
3, 29, 21139
List the prime factors of 767168.
2, 11987
What are the prime factors of 1907555?
5, 13, 29347
List the prime factors of 20601906.
2, 3, 13, 264127
List the prime factors of 21507556.
2, 7, 768127
List the prime factors of 22802363.
263, 277, 313
What are the prime factors of 1389861?
3, 11, 101, 139
What are the prime factors of 126459?
3, 14051
List the prime factors of 61324.
2, 15331
List the prime factors of 107727.
3, 149, 241
List the prime factors of 697011.
3, 7, 33191
What are the prime factors of 897148?
2, 7, 179
List the prime factors of 3971208.
2, 3, 337, 491
What are the prime factors of 127491?
3, 7, 13, 467
List the prime factors of 14519249.
19, 764171
List the prime factors of 313983.
3, 29, 401
List the prime factors of 10896991.
7, 101, 15413
List the prime factors of 10522011.
3, 137, 25601
List the prime factors of 434351.
103, 4217
List the prime factors of 2923952.
2, 182747
List the prime factors of 704883.
3, 234961
List the prime factors of 3246161.
859, 3779
What are the prime factors of 281115?
3, 5, 6247
What are the prime factors of 3627996?
2, 3, 43, 79, 89
What are the prime factors of 1833205?
5, 11, 33331
What are the prime factors of 273189?
3, 7, 13009
What are the prime factors of 5081714?
2, 11, 101, 2287
What are the prime factors of 175662?
2, 3, 3253
What are the prime factors of 362883?
3, 73, 1657
What are the prime factors of 442801?
29, 15269
What are the prime factors of 11279079?
3, 7, 179033
List the prime factors of 2172886.
2, 1086443
List the prime factors of 9985605.
3, 5, 7, 95101
List the prime factors of 1030493.
1030493
List the prime factors of 911592.
2, 3, 11, 1151
List the prime factors of 569359.
7, 163, 499
List the prime factors of 359866.
2, 13, 13841
List the prime factors of 129720.
2, 3, 5, 23, 47
What are the prime factors of 23389979?
29, 43, 18757
List the prime factors of 257490.
2, 3, 5, 2861
List the prime factors of 696960.
2, 3, 5, 11
What are the prime factors of 139709?
139709
What are the prime factors of 3740960?
2, 5, 103, 227
What are the prime factors of 14412703?
14412703
What are the prime factors of 14437658?
2, 17, 41, 10357
List the prime factors of 560594.
2, 280297
What are the prime factors of 137647?
59, 2333
What are the prime factors of 883810?
2, 5, 31, 2851
List the prime factors of 34655397.
3, 7, 235751
List the prime factors of 6859858.
2, 661, 5189
List the prime factors of 283877.
11, 131, 197
What are the prime factors of 364632?
2, 3, 15193
What are the prime factors of 710209?
17, 41777
What are the prime factors of 1563527?
7, 223361
List the prime factors of 6179012.
2, 7, 73, 3023
List the prime factors of 91983.
3, 30661
What are the prime factors of 209204?
2, 52301
What are the prime factors of 51064?
2, 13, 491
What are the prime factors of 319644?
2, 3, 13, 683
What are the prime factors of 292029?
3, 311, 313
What are the prime factors of 2349588?
2, 3, 23, 8513
List the prime factors of 1417416.
2, 3, 7, 11, 13, 59
What are the prime factors of 325279?
239, 1361
What are the prime factors of 287657?
17, 16921
List the prime factors of 1484117.
17, 67, 1303
What are the prime factors of 849651?
3, 11, 25747
List the prime factors of 3910604.
2, 37, 26423
List the prime factors of 57444.
2, 3, 4787
What are the prime factors of 8940407?
7, 557, 2293
List the prime factors of 5822867.
5822867
What are the prime factors of 1121896?
2, 140237
What are the prime factors of 1545462?
2, 3, 23, 3733
List the prime factors of 1897523.
17, 23, 211
What are the prime factors of 4632156?
2, 3, 223, 577
What are the prime factors of 4944154?
2, 2472077
List the prime factors of 308290.
2, 5, 30829
List the prime factors of 39303.
3, 11, 397
List the prime factors of 1875292.
2, 379, 1237
List the prime factors of 21989645.
5, 277, 15877
List the prime factors of 2374082.
2, 53, 22397
What are the prime factors of 103914?
2, 3, 23, 251
List the prime factors of 3038588.
2, 7, 37, 419
What are the prime factors of 9241287?
3, 11, 97, 2887
List the prime factors of 4503417.
3, 1501139
What are the prime factors of 2624377?
7, 83, 4517
What are the prime factors of 1477545?
3, 5, 137, 719
What are the prime factors of 83729?
101, 829
List the prime factors of 844690.
2, 5, 7, 11, 1097
List the prime factors of 296338.
2, 7, 61, 347
List the prime factors of 3820727.
3820727
What are the prime factors of 1795467?
3, 598489
What are the prime factors of 3858?
2, 3, 643
List the prime factors of 16243659.
3, 31, 6469
What are the prime factors of 195691?
195691
What are the prime factors of 3994914?
2, 3, 7, 11, 8647
List the prime factors of 15142534.
2, 11, 688297
List the prime factors of 594856.
2, 74357
What are the prime factors of 3776304?
2, 3, 7, 11239
What are the prime factors of 3915639?
3, 7, 13, 683
List the prime factors of 1350672.
2, 3, 19, 1481
List the prime factors of 1343556.
2, 3, 37321
List the prime factors of 24451171.
24451171
List the prime factors of 371886.
2, 3, 61981
What are the prime factors of 2433615?
3, 5, 19, 8539
What are the prime factors of 1939436?
2, 71, 6829
What are the prime factors of 8349938?
2, 37, 53, 2129
List the prime factors of 144987.
3, 31, 1559
What are the prime factors of 3954945?
3, 5, 19, 13877
What are the prime factors of 1820809?
1820809
What are the prime factors of 27682?
2, 13841
What are the prime factors of 286005?
3, 5, 23, 829
List the prime factors of 2458300.
2, 5, 13, 31, 61
List the prime factors of 7725456.
2, 3, 1987
List the prime factors of 8205574.
2, 13, 315599
List the prime factors of 228448.
2, 11, 59
What are the prime factors of 4435358?
2, 53, 41843
List the prime factors of 996358.
2, 11, 45289
List the prime factors of 11156495.
5, 7, 23, 13859
What are the prime factors of 312050?
2, 5, 79
What are the prime factors of 23339277?
3, 13, 19, 10499
List the prime factors of 1609427.
31, 193, 269
List the prime factors of 510793.
510793
What are the prime factors of 324689?
324689
List the prime factors of 2885725.
5, 115429
List the prime factors of 421087.
431, 977
What are the prime factors of 27760316?
2, 2347, 2957
List the prime factors of 1130808.
2, 3, 7, 53, 127
What are the prime factors of 191727?
3, 263
List the prime factors of 216492.
2, 3, 18041
List the prime f